20 (base 7) to base 6.
2442
1535a (base 13) to base 15
bd53
222331 (base 5) to base 11
5989
What is -33310 (base 6) in base 11?
-3548
Convert -114043 (base 5) to base 7.
-15313
Convert -1111111001 (base 2) to base 6.
-4413
Convert c8b8 (base 13) to base 4.
12303123
What is 1146 (base 8) in base 16?
266
13003 (base 4) to base 5
3301
-959 (base 11) to base 14
-5c5
What is -1143 (base 9) in base 12?
-5a9
Convert 34005 (base 6) to base 8.
11225
-26 (base 15) to base 2
-100100
Convert 1340223 (base 5) to base 3.
1101210212
Convert -4404 (base 5) to base 14.
-312
-15060 (base 8) to base 2
-1101000110000
Convert 23017 (base 11) to base 12.
17325
-1302313 (base 4) to base 9
-11067
Convert 14669 (base 10) to base 5.
432134
What is -61163 (base 8) in base 14?
-9283
-4404 (base 5) to base 15
-2a4
Convert 1334 (base 9) to base 11.
832
What is 1114 (base 12) in base 4?
131200
-4410 (base 10) to base 3
-20001100
Convert 107 (base 16) to base 15.
128
What is 7145 (base 9) in base 11?
3a20
-330 (base 10) to base 7
-651
568 (base 9) to base 12
32b
What is 83 (base 10) in base 12?
6b
Convert -2255 (base 8) to base 7.
-3330
What is 110b (base 12) in base 15?
858
903 (base 16) to base 4
210003
11210002 (base 3) to base 9
4702
What is 11500 (base 7) in base 5?
43424
Convert -1110011110111 (base 2) to base 7.
-30422
What is 1c62 (base 16) in base 10?
7266
Convert -766 (base 13) to base 8.
-2363
-125304 (base 6) to base 12
-6834
-4032 (base 5) to base 7
-1336
Convert 22023 (base 5) to base 10.
1513
What is -1602 (base 7) in base 3?
-212200
Convert 393 (base 10) to base 8.
611
330 (base 4) to base 7
114
Convert 2120 (base 4) to base 15.
a2
Convert -64347 (base 8) to base 15.
-7e55
Convert -13841 (base 9) to base 2.
-10010011011001
Convert 1000 (base 5) to base 15.
85
What is -1206 (base 7) in base 12?
-313
What is -78367 (base 9) in base 8?
-145537
What is -1250 (base 16) in base 6?
-33412
Convert -201120 (base 4) to base 6.
-13520
What is -2915a (base 11) in base 6?
-515515
What is 9669 (base 12) in base 16?
4071
5f91 (base 16) to base 8
57621
Convert 11001100001 (base 2) to base 3.
2020111
-81a (base 12) to base 4
-102112
Convert 3873 (base 12) to base 13.
2c01
What is -101 (base 15) in base 5?
-1401
What is -231 (base 13) in base 5?
-3003
What is -101010000 (base 2) in base 4?
-11100
Convert -2011111 (base 3) to base 14.
-80b
Convert -3d7b (base 15) to base 11.
-998a
-ba (base 12) to base 5
-1032
Convert 3162 (base 12) to base 5.
133102
What is 234054 (base 6) in base 13?
9346
Convert -30033 (base 4) to base 6.
-3343
-103201203 (base 4) to base 2
-10011100001100011
What is -1110111010 (base 2) in base 8?
-1672
Convert 51a (base 11) to base 3.
212012
Convert -1754 (base 9) to base 13.
-7c6
Convert 15050 (base 8) to base 16.
1a28
Convert 13eb (base 15) to base 8.
10257
What is 150615 (base 7) in base 8?
70676
1111222 (base 3) to base 10
1106
Convert -16992 (base 10) to base 7.
-100353
-214 (base 5) to base 14
-43
Convert -9850 (base 10) to base 2.
-10011001111010
Convert 535 (base 15) to base 11.
979
Convert -128 (base 16) to base 11.
-24a
2211000 (base 3) to base 8
4004
-13212310 (base 4) to base 10
-31156
Convert 747 (base 9) to base 14.
318
What is -5208 (base 10) in base 15?
-1823
9654 (base 10) to base 12
5706
What is 1343222 (base 5) in base 9?
42281
Convert 332 (base 8) to base 5.
1333
17202 (base 8) to base 13
372a
Convert 54376 (base 8) to base 3.
1011020210
What is -17681 (base 10) in base 11?
-12314
Convert b87 (base 13) to base 16.
7b2
294 (base 15) to base 6
2421
-8104 (base 11) to base 14
-3cd7
-f2ea (base 16) to base 7
-346205
-c7 (base 15) to base 12
-137
What is 1101100 (base 2) in base 14?
7a
Convert -48506 (base 9) to base 11.
-22454
What is -748b (base 12) in base 5?
-402104
-100203 (base 6) to base 4
-1322223
What is -1111101100001101 (base 2) in base 11?
-44317
What is 406 (base 10) in base 11?
33a
d9a1 (base 16) to base 13
1c488
241 (base 6) to base 11
89
Convert -2101020 (base 3) to base 14.
-8bc
Convert 224 (base 16) to base 8.
1044
What is 5300 (base 6) in base 11?
990
433041 (base 5) to base 6
152215
What is -10101100010101 (base 2) in base 7?
-44104
Convert -23303322 (base 4) to base 10.
-48378
What is -1114 (base 6) in base 16?
-106
-b38 (base 15) to base 12
-1568
-3123 (base 5) to base 12
-2a5
25672 (base 9) to base 16
43a6
What is -47355 (base 8) in base 16?
-4eed
Convert 1101200121 (base 3) to base 4.
12231103
-2121101110 (base 3) to base 2
-1100100001110000
101122020 (base 3) to base 8
17113
What is 1241 (base 8) in base 9?
827
Convert -25513 (base 6) to base 4.
-330111
12120 (base 4) to base 9
503
-10431 (base 7) to base 3
-10121000
What is -438 (base 13) in base 5?
-10343
What is 44504 (base 6) in base 15?
1ca7
Convert 212 (base 3) to base 13.
1a
Convert -1111011110 (base 2) to base 8.
-1736
51025 (base 8) to base 15
635d
What is 65 (base 15) in base 11?
87
4c3 (base 14) to base 5
12310
Convert -101a (base 11) to base 9.
-1762
111000010111 (base 2) to base 4
320113
-80733 (base 10) to base 6
-1421433
Convert 212 (base 7) to base 5.
412
Convert 3289 (base 12) to base 15.
19bc
-50115 (base 6) to base 13
-2c81
Convert -1152 (base 13) to base 12.
-14a9
Convert -1576 (base 9) to base 10.
-1203
Convert -42968 (base 10) to base 9.
-64842
What is -27 (base 9) in base 15?
-1a
Convert 4213 (base 8) to base 9.
3000
Convert 24063 (base 9) to base 14.
5c19
What is -3412 (base 9) in base 12?
-1562
What is -11102 (base 7) in base 8?
-5353
What is -110101111110 (base 2) in base 14?
-138a
1233 (base 14) to base 7
12163
Convert 11211130 (base 4) to base 14.
84a0
Convert -420 (base 16) to base 4.
-100200
What is 3312220 (base 4) in base 10?
15784
Convert 699 (base 15) to base 7.
4233
Convert -110 (base 14) to base 10.
-210
What is 897 (base 11) in base 5?
13244
What is 24402 (base 6) in base 10?
3602
Convert -100000011101011 (base 2) to base 9.
-24715
What is -111223 (base 4) in base 16?
-56b
What is 6a1 (base 11) in base 14?
43b
What is -27427 (base 8) in base 3?
-121112111
-2100121220 (base 3) to base 9
-70556
-2da (base 16) to base 10
-730
What is 206531 (base 8) in base 7?
405013
35445 (base 7) to base 8
21673
Convert -11110111 (base 2) to base 4.
-3313
What is -35257 (base 10) in base 15?
-a6a7
Convert -244 (base 5) to base 2.
-1001010
Convert -e11 (base 16) to base 12.
-2101
-56e (base 15) to base 11
-a18
What is 4fe7 (base 16) in base 5?
1123310
Convert 14 (base 11) to base 9.
16
What is 103122 (base 5) in base 12?
2069
What is 6035 (base 11) in base 4?
1331120
-36b (base 15) to base 14
-3d6
Convert 1278 (base 13) to base 7.
10452
Convert -14303 (base 8) to base 4.
-1203003
What is 2a064 (base 11) in base 2?
1010011010100110
What is 2bed (base 16) in base 12?
6611
Convert -5d7 (base 14) to base 8.
-2221
What is 3219 (base 12) in base 14?
2005
What is 329 (base 10) in base 6?
1305
-414 (base 6) to base 12
-10a
What is 434134 (base 5) in base 3?
202110120
9c4 (base 13) to base 11
1299
What is 3440 (base 5) in base 6?
2143
What is 112033 (base 9) in base 2?
10000011000011010
1040005 (base 6) to base 13
1a7a1
Convert 5405 (base 11) to base 16.
1be8
What is -5625 (base 9) in base 8?
-10072
Convert -3055 (base 15) to base 16.
-27dd
12030222 (base 4) to base 6
313310
1204222 (base 5) to base 2
101011110100101
-3130 (base 5) to base 15
-1ca
Convert 144 (base 13) to base 4.
3201
2305 (base 6) to base 15
265
What is 632 (base 7) in base 9?
382
-3114 (base 11) to base 5
-113004
Convert 1142 (base 11) to base 8.
2732
What is -515 (base 6) in base 12?
-13b
What is -30e (base 15) in base 2?
-1010110001
240550 (base 7) to base 10
43498
Convert 6e7 (base 16) to base 9.
2373
1104 (base 14) to base 6
21344
Convert 12205 (base 6) to base 13.
a8b
Convert 110010 (base 3) to base 4.
11013
Convert 34512 (base 9) to base 3.
1011120102
10021 (base 9) to base 12
3984
What is b55 (base 16) in base 7?
11313
-4400 (base 5) to base 13
-372
Convert -2835 (base 9) to base 8.
-4132
-4457 (base 12) to base 11
-5749
2002 (base 8) to base 13
60c
What is -1011000110000001 (base 2) in base 15?
-d6e6
12363 (base 7) to base 10
3279
Convert -1202340 (base 5) to base 10.
-22220
Convert 27b (base 16) to base 9.
775
Convert 1637 (base 11) to base 10.
2097
2067 (base 13) to base 6
3